{"id":632,"date":"2025-01-24T21:06:07","date_gmt":"2025-01-24T21:06:07","guid":{"rendered":"https:\/\/cardagitech.com\/hotelcardagi\/?page_id=632"},"modified":"2025-08-13T05:03:03","modified_gmt":"2025-08-13T05:03:03","slug":"habitacionestandar","status":"publish","type":"page","link":"https:\/\/cardagitech.com\/hotelcardagi\/habitacionestandar\/","title":{"rendered":"habitacionestandar"},"content":{"rendered":"\t\t<div data-elementor-type=\"wp-page\" data-elementor-id=\"632\" class=\"elementor elementor-632\">\n\t\t\t\t\t\t<section class=\"elementor-section elementor-top-section elementor-element elementor-element-31f95bac elementor-section-boxed elementor-section-height-default elementor-section-height-default\" data-id=\"31f95bac\" data-element_type=\"section\" data-e-type=\"section\" data-settings=\"{&quot;background_background&quot;:&quot;classic&quot;}\">\n\t\t\t\t\t\t\t<div class=\"elementor-background-overlay\"><\/div>\n\t\t\t\t\t\t\t<div class=\"elementor-container elementor-column-gap-default\">\n\t\t\t\t\t<div class=\"elementor-column elementor-col-100 elementor-top-column elementor-element elementor-element-5f6aa394\" data-id=\"5f6aa394\" data-element_type=\"column\" data-e-type=\"column\">\n\t\t\t<div class=\"elementor-widget-wrap elementor-element-populated\">\n\t\t\t\t\t\t<div class=\"elementor-element elementor-element-107c270c elementor-widget-tablet__width-initial elementor-widget elementor-widget-heading\" data-id=\"107c270c\" data-element_type=\"widget\" data-e-type=\"widget\" data-widget_type=\"heading.default\">\n\t\t\t\t<div class=\"elementor-widget-container\">\n\t\t\t\t\t<h1 class=\"elementor-heading-title elementor-size-default\">Habitaci\u00f3n <br>Est\u00e1ndar<\/h1>\t\t\t\t<\/div>\n\t\t\t\t<\/div>\n\t\t\t\t\t<\/div>\n\t\t<\/div>\n\t\t\t\t\t<\/div>\n\t\t<\/section>\n\t\t\t\t<section class=\"elementor-section elementor-top-section elementor-element elementor-element-34f51c9 elementor-section-boxed elementor-section-height-default elementor-section-height-default\" data-id=\"34f51c9\" data-element_type=\"section\" data-e-type=\"section\" data-settings=\"{&quot;background_background&quot;:&quot;classic&quot;}\">\n\t\t\t\t\t\t<div class=\"elementor-container elementor-column-gap-default\">\n\t\t\t\t\t<div class=\"elementor-column elementor-col-100 elementor-top-column elementor-element elementor-element-64d25b95\" data-id=\"64d25b95\" data-element_type=\"column\" data-e-type=\"column\">\n\t\t\t<div class=\"elementor-widget-wrap elementor-element-populated\">\n\t\t\t\t\t\t<div class=\"elementor-element elementor-element-20fab047 elementor-widget__width-initial elementor-widget-tablet__width-initial elementor-widget-mobile__width-inherit elementor-widget elementor-widget-image-box\" data-id=\"20fab047\" data-element_type=\"widget\" data-e-type=\"widget\" data-widget_type=\"image-box.default\">\n\t\t\t\t<div class=\"elementor-widget-container\">\n\t\t\t\t\t<div class=\"elementor-image-box-wrapper\"><div class=\"elementor-image-box-content\"><h2 class=\"elementor-image-box-title\"><span style=\"font-size: 2.625rem\">Est\u00e1ndar<\/span><\/h2><p class=\"elementor-image-box-description\"><span>(Para 1-2 personas)<\/span><br><span>Ideal para: Viajeros econ\u00f3micos y estad\u00edas cortas.<\/span><br><span>Puntos clave:<\/span><br><span>\u2705 Cama: 1 de 1.5 plazas con colch\u00f3n ortop\u00e9dico<\/span><br><span>\u2705 Servicios premium incluidos:<\/span><br><span>\u2705WiFi de alta velocidad (50 Mbps)<\/span><br><span>\u2705Agua caliente 24h en ducha y lavamanos<\/span><br><span>\u2705TV 32\"<\/span><br><span>\u2705Espejo de cuerpo entero<\/span><\/p><\/div><\/div>\t\t\t\t<\/div>\n\t\t\t\t<\/div>\n\t\t\t\t<section class=\"elementor-section elementor-inner-section elementor-element elementor-element-8c97127 elementor-section-boxed elementor-section-height-default elementor-section-height-default\" data-id=\"8c97127\" data-element_type=\"section\" data-e-type=\"section\">\n\t\t\t\t\t\t<div class=\"elementor-container elementor-column-gap-no\">\n\t\t\t\t\t<div class=\"elementor-column elementor-col-50 elementor-inner-column elementor-element elementor-element-480976f\" data-id=\"480976f\" data-element_type=\"column\" data-e-type=\"column\">\n\t\t\t<div class=\"elementor-widget-wrap elementor-element-populated\">\n\t\t\t\t\t\t<div class=\"elementor-element elementor-element-496d9e72 elementor-widget elementor-widget-image\" data-id=\"496d9e72\" data-element_type=\"widget\" data-e-type=\"widget\" data-widget_type=\"image.default\">\n\t\t\t\t<div class=\"elementor-widget-container\">\n\t\t\t\t\t\t\t\t\t\t\t\t\t\t\t<img fetchpriority=\"high\" decoding=\"async\" width=\"1280\" height=\"960\" src=\"https:\/\/cardagitech.com\/hotelcardagi\/wp-content\/uploads\/2025\/08\/Sin-titulo-1.jpg\" class=\"attachment-full size-full wp-image-816\" alt=\"\" srcset=\"https:\/\/cardagitech.com\/hotelcardagi\/wp-content\/uploads\/2025\/08\/Sin-titulo-1.jpg 1280w, https:\/\/cardagitech.com\/hotelcardagi\/wp-content\/uploads\/2025\/08\/Sin-titulo-1-300x225.jpg 300w, https:\/\/cardagitech.com\/hotelcardagi\/wp-content\/uploads\/2025\/08\/Sin-titulo-1-1024x768.jpg 1024w, https:\/\/cardagitech.com\/hotelcardagi\/wp-content\/uploads\/2025\/08\/Sin-titulo-1-768x576.jpg 768w, https:\/\/cardagitech.com\/hotelcardagi\/wp-content\/uploads\/2025\/08\/Sin-titulo-1-600x450.jpg 600w\" sizes=\"(max-width: 1280px) 100vw, 1280px\" \/>\t\t\t\t\t\t\t\t\t\t\t\t\t\t\t<\/div>\n\t\t\t\t<\/div>\n\t\t\t\t\t<\/div>\n\t\t<\/div>\n\t\t\t\t<div class=\"elementor-column elementor-col-50 elementor-inner-column elementor-element elementor-element-35266ff3\" data-id=\"35266ff3\" data-element_type=\"column\" data-e-type=\"column\">\n\t\t\t<div class=\"elementor-widget-wrap elementor-element-populated\">\n\t\t\t\t\t\t<div class=\"elementor-element elementor-element-1eaa71ec elementor-widget elementor-widget-image\" data-id=\"1eaa71ec\" data-element_type=\"widget\" data-e-type=\"widget\" data-widget_type=\"image.default\">\n\t\t\t\t<div class=\"elementor-widget-container\">\n\t\t\t\t\t\t\t\t\t\t\t\t\t\t\t<img decoding=\"async\" width=\"562\" height=\"350\" src=\"https:\/\/cardagitech.com\/hotelcardagi\/wp-content\/uploads\/2025\/01\/Sin-titulo-6.jpg\" class=\"attachment-large size-large wp-image-564\" alt=\"\" srcset=\"https:\/\/cardagitech.com\/hotelcardagi\/wp-content\/uploads\/2025\/01\/Sin-titulo-6.jpg 562w, https:\/\/cardagitech.com\/hotelcardagi\/wp-content\/uploads\/2025\/01\/Sin-titulo-6-300x187.jpg 300w\" sizes=\"(max-width: 562px) 100vw, 562px\" \/>\t\t\t\t\t\t\t\t\t\t\t\t\t\t\t<\/div>\n\t\t\t\t<\/div>\n\t\t\t\t\t<\/div>\n\t\t<\/div>\n\t\t\t\t\t<\/div>\n\t\t<\/section>\n\t\t\t\t\t<\/div>\n\t\t<\/div>\n\t\t\t\t\t<\/div>\n\t\t<\/section>\n\t\t\t\t<section class=\"elementor-section elementor-top-section elementor-element elementor-element-704b2fe2 elementor-section-boxed elementor-section-height-default elementor-section-height-default\" data-id=\"704b2fe2\" data-element_type=\"section\" data-e-type=\"section\" data-settings=\"{&quot;background_background&quot;:&quot;classic&quot;}\">\n\t\t\t\t\t\t<div class=\"elementor-container elementor-column-gap-default\">\n\t\t\t\t\t<div class=\"elementor-column elementor-col-100 elementor-top-column elementor-element elementor-element-7182d64b\" data-id=\"7182d64b\" data-element_type=\"column\" data-e-type=\"column\">\n\t\t\t<div class=\"elementor-widget-wrap elementor-element-populated\">\n\t\t\t\t\t\t<section class=\"elementor-section elementor-inner-section elementor-element elementor-element-3deccbea elementor-section-boxed elementor-section-height-default elementor-section-height-default\" data-id=\"3deccbea\" data-element_type=\"section\" data-e-type=\"section\">\n\t\t\t\t\t\t<div class=\"elementor-container elementor-column-gap-no\">\n\t\t\t\t\t<div class=\"elementor-column elementor-col-50 elementor-inner-column elementor-element elementor-element-27f30fc3\" data-id=\"27f30fc3\" data-element_type=\"column\" data-e-type=\"column\">\n\t\t\t<div class=\"elementor-widget-wrap elementor-element-populated\">\n\t\t\t\t\t\t<div class=\"elementor-element elementor-element-21ef19e6 elementor-widget elementor-widget-image\" data-id=\"21ef19e6\" data-element_type=\"widget\" data-e-type=\"widget\" data-widget_type=\"image.default\">\n\t\t\t\t<div class=\"elementor-widget-container\">\n\t\t\t\t\t\t\t\t\t\t\t\t\t\t\t<img decoding=\"async\" width=\"562\" height=\"350\" src=\"https:\/\/cardagitech.com\/hotelcardagi\/wp-content\/uploads\/2025\/01\/Sin-titulo-7.jpg\" class=\"attachment-full size-full wp-image-565\" alt=\"\" srcset=\"https:\/\/cardagitech.com\/hotelcardagi\/wp-content\/uploads\/2025\/01\/Sin-titulo-7.jpg 562w, https:\/\/cardagitech.com\/hotelcardagi\/wp-content\/uploads\/2025\/01\/Sin-titulo-7-300x187.jpg 300w\" sizes=\"(max-width: 562px) 100vw, 562px\" \/>\t\t\t\t\t\t\t\t\t\t\t\t\t\t\t<\/div>\n\t\t\t\t<\/div>\n\t\t\t\t\t<\/div>\n\t\t<\/div>\n\t\t\t\t<div class=\"elementor-column elementor-col-50 elementor-inner-column elementor-element elementor-element-129e9a34\" data-id=\"129e9a34\" data-element_type=\"column\" data-e-type=\"column\">\n\t\t\t<div class=\"elementor-widget-wrap elementor-element-populated\">\n\t\t\t\t\t\t<div class=\"elementor-element elementor-element-295878ef elementor-widget elementor-widget-image\" data-id=\"295878ef\" data-element_type=\"widget\" data-e-type=\"widget\" data-widget_type=\"image.default\">\n\t\t\t\t<div class=\"elementor-widget-container\">\n\t\t\t\t\t\t\t\t\t\t\t\t\t\t\t<img loading=\"lazy\" decoding=\"async\" width=\"450\" height=\"301\" src=\"https:\/\/cardagitech.com\/hotelcardagi\/wp-content\/uploads\/2025\/01\/1234234.png\" class=\"attachment-large size-large wp-image-635\" alt=\"\" srcset=\"https:\/\/cardagitech.com\/hotelcardagi\/wp-content\/uploads\/2025\/01\/1234234.png 450w, https:\/\/cardagitech.com\/hotelcardagi\/wp-content\/uploads\/2025\/01\/1234234-300x201.png 300w\" sizes=\"(max-width: 450px) 100vw, 450px\" \/>\t\t\t\t\t\t\t\t\t\t\t\t\t\t\t<\/div>\n\t\t\t\t<\/div>\n\t\t\t\t\t<\/div>\n\t\t<\/div>\n\t\t\t\t\t<\/div>\n\t\t<\/section>\n\t\t\t\t\t<\/div>\n\t\t<\/div>\n\t\t\t\t\t<\/div>\n\t\t<\/section>\n\t\t\t\t<section class=\"elementor-section elementor-top-section elementor-element elementor-element-194138de elementor-section-boxed elementor-section-height-default elementor-section-height-default\" data-id=\"194138de\" data-element_type=\"section\" data-e-type=\"section\" data-settings=\"{&quot;background_background&quot;:&quot;video&quot;,&quot;background_video_link&quot;:&quot;https:\\\/\\\/www.youtube.com\\\/watch?v=lAc2Gw3RduQ&quot;,&quot;background_video_start&quot;:41,&quot;background_video_end&quot;:45,&quot;background_play_on_mobile&quot;:&quot;yes&quot;}\">\n\t\t\t\t\t\t\t\t<div class=\"elementor-background-video-container\">\n\t\t\t\t\t\t\t\t\t\t\t\t\t<div class=\"elementor-background-video-embed\" role=\"presentation\"><\/div>\n\t\t\t\t\t\t\t\t\t\t\t\t<\/div>\n\t\t\t\t\t\t\t\t\t<div class=\"elementor-background-overlay\"><\/div>\n\t\t\t\t\t\t\t<div class=\"elementor-container elementor-column-gap-no\">\n\t\t\t\t\t<div class=\"elementor-column elementor-col-100 elementor-top-column elementor-element elementor-element-4a2bba3b\" data-id=\"4a2bba3b\" data-element_type=\"column\" data-e-type=\"column\">\n\t\t\t<div class=\"elementor-widget-wrap elementor-element-populated\">\n\t\t\t\t\t\t<div class=\"elementor-element elementor-element-45903ca7 elementor-widget elementor-widget-heading\" data-id=\"45903ca7\" data-element_type=\"widget\" data-e-type=\"widget\" data-widget_type=\"heading.default\">\n\t\t\t\t<div class=\"elementor-widget-container\">\n\t\t\t\t\t<h2 class=\"elementor-heading-title elementor-size-default\">HOSTAL CARDAGI\n<\/h2>\t\t\t\t<\/div>\n\t\t\t\t<\/div>\n\t\t\t\t<div class=\"elementor-element elementor-element-6146a2bf elementor-widget elementor-widget-text-editor\" data-id=\"6146a2bf\" data-element_type=\"widget\" data-e-type=\"widget\" data-widget_type=\"text-editor.default\">\n\t\t\t\t<div class=\"elementor-widget-container\">\n\t\t\t\t\t\t\t\t\t<p>Confort, servicio de alta calidad y personal complacido en poder servirle<\/p>\t\t\t\t\t\t\t\t<\/div>\n\t\t\t\t<\/div>\n\t\t\t\t<div class=\"elementor-element elementor-element-4fc3a493 elementor-widget elementor-widget-heading\" data-id=\"4fc3a493\" data-element_type=\"widget\" data-e-type=\"widget\" data-widget_type=\"heading.default\">\n\t\t\t\t<div class=\"elementor-widget-container\">\n\t\t\t\t\t<p class=\"elementor-heading-title elementor-size-default\">atenci\u00f3n\n\n<\/p>\t\t\t\t<\/div>\n\t\t\t\t<\/div>\n\t\t\t\t<div class=\"elementor-element elementor-element-eb7d528 elementor-align-center elementor-icon-list--layout-traditional elementor-list-item-link-full_width elementor-widget elementor-widget-icon-list\" data-id=\"eb7d528\" data-element_type=\"widget\" data-e-type=\"widget\" data-widget_type=\"icon-list.default\">\n\t\t\t\t<div class=\"elementor-widget-container\">\n\t\t\t\t\t\t\t<ul class=\"elementor-icon-list-items\">\n\t\t\t\t\t\t\t<li class=\"elementor-icon-list-item\">\n\t\t\t\t\t\t\t\t\t\t<span class=\"elementor-icon-list-text\"><span>24H\/7D<\/span><\/span>\n\t\t\t\t\t\t\t\t\t<\/li>\n\t\t\t\t\t\t<\/ul>\n\t\t\t\t\t\t<\/div>\n\t\t\t\t<\/div>\n\t\t\t\t\t<\/div>\n\t\t<\/div>\n\t\t\t\t\t<\/div>\n\t\t<\/section>\n\t\t\t\t<\/div>\n\t\t","protected":false},"excerpt":{"rendered":"<p>Habitaci\u00f3n Est\u00e1ndar Est\u00e1ndar (Para 1-2 personas)Ideal para: Viajeros econ\u00f3micos y estad\u00edas cortas.Puntos clave:\u2705 Cama: 1 de 1.5 plazas con colch\u00f3n ortop\u00e9dico\u2705 Servicios premium incluidos:\u2705WiFi de alta velocidad (50 Mbps)\u2705Agua caliente 24h en ducha y lavamanos\u2705TV 32\"\u2705Espejo de cuerpo entero HOSTAL CARDAGI Confort, servicio de alta calidad y personal complacido en poder servirle atenci\u00f3n 24H\/7D<\/p>\n","protected":false},"author":1,"featured_media":0,"parent":0,"menu_order":0,"comment_status":"closed","ping_status":"closed","template":"","meta":{"_regular_price":[],"currency_symbol":[],"site-sidebar-layout":"no-sidebar","site-content-layout":"page-builder","ast-site-content-layout":"default","site-content-style":"default","site-sidebar-style":"default","ast-global-header-display":"","ast-banner-title-visibility":"","ast-main-header-display":"","ast-hfb-above-header-display":"","ast-hfb-below-header-display":"","ast-hfb-mobile-header-display":"","site-post-title":"","ast-breadcrumbs-content":"","ast-featured-img":"disabled","footer-sml-layout":"","ast-disable-related-posts":"","theme-transparent-header-meta":"","adv-header-id-meta":"","stick-header-meta":"","header-above-stick-meta":"","header-main-stick-meta":"","header-below-stick-meta":"","astra-migrate-meta-layouts":"default","ast-page-background-enabled":"default","ast-page-background-meta":{"desktop":{"background-color":"","background-image":"","background-repeat":"repeat","background-position":"center center","background-size":"auto","background-attachment":"scroll","background-type":"","background-media":"","overlay-type":"","overlay-color":"","overlay-opacity":"","overlay-gradient":""},"tablet":{"background-color":"","background-image":"","background-repeat":"repeat","background-position":"center center","background-size":"auto","background-attachment":"scroll","background-type":"","background-media":"","overlay-type":"","overlay-color":"","overlay-opacity":"","overlay-gradient":""},"mobile":{"background-color":"","background-image":"","background-repeat":"repeat","background-position":"center center","background-size":"auto","background-attachment":"scroll","background-type":"","background-media":"","overlay-type":"","overlay-color":"","overlay-opacity":"","overlay-gradient":""}},"ast-content-background-meta":{"desktop":{"background-color":"var(--ast-global-color-5)","background-image":"","background-repeat":"repeat","background-position":"center center","background-size":"auto","background-attachment":"scroll","background-type":"","background-media":"","overlay-type":"","overlay-color":"","overlay-opacity":"","overlay-gradient":""},"tablet":{"background-color":"var(--ast-global-color-5)","background-image":"","background-repeat":"repeat","background-position":"center center","background-size":"auto","background-attachment":"scroll","background-type":"","background-media":"","overlay-type":"","overlay-color":"","overlay-opacity":"","overlay-gradient":""},"mobile":{"background-color":"var(--ast-global-color-5)","background-image":"","background-repeat":"repeat","background-position":"center center","background-size":"auto","background-attachment":"scroll","background-type":"","background-media":"","overlay-type":"","overlay-color":"","overlay-opacity":"","overlay-gradient":""}},"footnotes":""},"class_list":["post-632","page","type-page","status-publish","hentry"],"post_slider_layout_featured_media_urls":{"thumbnail":"","post_slider_layout_landscape_large":"","post_slider_layout_portrait_large":"","post_slider_layout_square_large":"","post_slider_layout_landscape":"","post_slider_layout_portrait":"","post_slider_layout_square":"","full":""},"yoast_head":"<!-- This site is optimized with the Yoast SEO plugin v27.6 - https:\/\/yoast.com\/product\/yoast-seo-wordpress\/ -->\n<title>habitacionestandar - Hotel Cardagi<\/title>\n<meta name=\"robots\" content=\"index, follow, max-snippet:-1, max-image-preview:large, max-video-preview:-1\" \/>\n<link rel=\"canonical\" href=\"https:\/\/cardagitech.com\/hotelcardagi\/habitacionestandar\/\" \/>\n<meta property=\"og:locale\" content=\"es_ES\" \/>\n<meta property=\"og:type\" content=\"article\" \/>\n<meta property=\"og:title\" content=\"habitacionestandar - Hotel Cardagi\" \/>\n<meta property=\"og:description\" content=\"Habitaci\u00f3n Est\u00e1ndar Est\u00e1ndar (Para 1-2 personas)Ideal para: Viajeros econ\u00f3micos y estad\u00edas cortas.Puntos clave:\u2705 Cama: 1 de 1.5 plazas con colch\u00f3n ortop\u00e9dico\u2705 Servicios premium incluidos:\u2705WiFi de alta velocidad (50 Mbps)\u2705Agua caliente 24h en ducha y lavamanos\u2705TV 32&quot;\u2705Espejo de cuerpo entero HOSTAL CARDAGI Confort, servicio de alta calidad y personal complacido en poder servirle atenci\u00f3n 24H\/7D\" \/>\n<meta property=\"og:url\" content=\"https:\/\/cardagitech.com\/hotelcardagi\/habitacionestandar\/\" \/>\n<meta property=\"og:site_name\" content=\"Hotel Cardagi\" \/>\n<meta property=\"article:publisher\" content=\"https:\/\/www.facebook.com\/HostalCardagi\" \/>\n<meta property=\"article:modified_time\" content=\"2025-08-13T05:03:03+00:00\" \/>\n<meta property=\"og:image\" content=\"https:\/\/cardagitech.com\/hotelcardagi\/wp-content\/uploads\/2025\/08\/Sin-titulo-1.jpg\" \/>\n\t<meta property=\"og:image:width\" content=\"1280\" \/>\n\t<meta property=\"og:image:height\" content=\"960\" \/>\n\t<meta property=\"og:image:type\" content=\"image\/jpeg\" \/>\n<meta name=\"twitter:card\" content=\"summary_large_image\" \/>\n<meta name=\"twitter:label1\" content=\"Est. reading time\" \/>\n\t<meta name=\"twitter:data1\" content=\"2 minutos\" \/>\n<script type=\"application\/ld+json\" class=\"yoast-schema-graph\">{\"@context\":\"https:\\\/\\\/schema.org\",\"@graph\":[{\"@type\":\"WebPage\",\"@id\":\"https:\\\/\\\/cardagitech.com\\\/hotelcardagi\\\/habitacionestandar\\\/\",\"url\":\"https:\\\/\\\/cardagitech.com\\\/hotelcardagi\\\/habitacionestandar\\\/\",\"name\":\"habitacionestandar - Hotel Cardagi\",\"isPartOf\":{\"@id\":\"https:\\\/\\\/cardagitech.com\\\/hotelcardagi\\\/#website\"},\"primaryImageOfPage\":{\"@id\":\"https:\\\/\\\/cardagitech.com\\\/hotelcardagi\\\/habitacionestandar\\\/#primaryimage\"},\"image\":{\"@id\":\"https:\\\/\\\/cardagitech.com\\\/hotelcardagi\\\/habitacionestandar\\\/#primaryimage\"},\"thumbnailUrl\":\"https:\\\/\\\/cardagitech.com\\\/hotelcardagi\\\/wp-content\\\/uploads\\\/2025\\\/08\\\/Sin-titulo-1.jpg\",\"datePublished\":\"2025-01-24T21:06:07+00:00\",\"dateModified\":\"2025-08-13T05:03:03+00:00\",\"breadcrumb\":{\"@id\":\"https:\\\/\\\/cardagitech.com\\\/hotelcardagi\\\/habitacionestandar\\\/#breadcrumb\"},\"inLanguage\":\"es-PE\",\"potentialAction\":[{\"@type\":\"ReadAction\",\"target\":[\"https:\\\/\\\/cardagitech.com\\\/hotelcardagi\\\/habitacionestandar\\\/\"]}]},{\"@type\":\"ImageObject\",\"inLanguage\":\"es-PE\",\"@id\":\"https:\\\/\\\/cardagitech.com\\\/hotelcardagi\\\/habitacionestandar\\\/#primaryimage\",\"url\":\"https:\\\/\\\/cardagitech.com\\\/hotelcardagi\\\/wp-content\\\/uploads\\\/2025\\\/08\\\/Sin-titulo-1.jpg\",\"contentUrl\":\"https:\\\/\\\/cardagitech.com\\\/hotelcardagi\\\/wp-content\\\/uploads\\\/2025\\\/08\\\/Sin-titulo-1.jpg\",\"width\":1280,\"height\":960},{\"@type\":\"BreadcrumbList\",\"@id\":\"https:\\\/\\\/cardagitech.com\\\/hotelcardagi\\\/habitacionestandar\\\/#breadcrumb\",\"itemListElement\":[{\"@type\":\"ListItem\",\"position\":1,\"name\":\"Portada\",\"item\":\"https:\\\/\\\/cardagitech.com\\\/hotelcardagi\\\/\"},{\"@type\":\"ListItem\",\"position\":2,\"name\":\"habitacionestandar\"}]},{\"@type\":\"WebSite\",\"@id\":\"https:\\\/\\\/cardagitech.com\\\/hotelcardagi\\\/#website\",\"url\":\"https:\\\/\\\/cardagitech.com\\\/hotelcardagi\\\/\",\"name\":\"Hostal Cardagi\",\"description\":\"\",\"publisher\":{\"@id\":\"https:\\\/\\\/cardagitech.com\\\/hotelcardagi\\\/#organization\"},\"alternateName\":\"Hostal Cardagi\",\"potentialAction\":[{\"@type\":\"SearchAction\",\"target\":{\"@type\":\"EntryPoint\",\"urlTemplate\":\"https:\\\/\\\/cardagitech.com\\\/hotelcardagi\\\/?s={search_term_string}\"},\"query-input\":{\"@type\":\"PropertyValueSpecification\",\"valueRequired\":true,\"valueName\":\"search_term_string\"}}],\"inLanguage\":\"es-PE\"},{\"@type\":\"Organization\",\"@id\":\"https:\\\/\\\/cardagitech.com\\\/hotelcardagi\\\/#organization\",\"name\":\"HostalCardagi\",\"url\":\"https:\\\/\\\/cardagitech.com\\\/hotelcardagi\\\/\",\"logo\":{\"@type\":\"ImageObject\",\"inLanguage\":\"es-PE\",\"@id\":\"https:\\\/\\\/cardagitech.com\\\/hotelcardagi\\\/#\\\/schema\\\/logo\\\/image\\\/\",\"url\":\"https:\\\/\\\/cardagitech.com\\\/hotelcardagi\\\/wp-content\\\/uploads\\\/2025\\\/08\\\/cropped-cropped-cropped-cropped-cropped-cropped-Sin-titulo-6.png\",\"contentUrl\":\"https:\\\/\\\/cardagitech.com\\\/hotelcardagi\\\/wp-content\\\/uploads\\\/2025\\\/08\\\/cropped-cropped-cropped-cropped-cropped-cropped-Sin-titulo-6.png\",\"width\":951,\"height\":933,\"caption\":\"HostalCardagi\"},\"image\":{\"@id\":\"https:\\\/\\\/cardagitech.com\\\/hotelcardagi\\\/#\\\/schema\\\/logo\\\/image\\\/\"},\"sameAs\":[\"https:\\\/\\\/www.facebook.com\\\/HostalCardagi\"]}]}<\/script>\n<!-- \/ Yoast SEO plugin. -->","yoast_head_json":{"title":"habitacionestandar - Hotel Cardagi","robots":{"index":"index","follow":"follow","max-snippet":"max-snippet:-1","max-image-preview":"max-image-preview:large","max-video-preview":"max-video-preview:-1"},"canonical":"https:\/\/cardagitech.com\/hotelcardagi\/habitacionestandar\/","og_locale":"es_ES","og_type":"article","og_title":"habitacionestandar - Hotel Cardagi","og_description":"Habitaci\u00f3n Est\u00e1ndar Est\u00e1ndar (Para 1-2 personas)Ideal para: Viajeros econ\u00f3micos y estad\u00edas cortas.Puntos clave:\u2705 Cama: 1 de 1.5 plazas con colch\u00f3n ortop\u00e9dico\u2705 Servicios premium incluidos:\u2705WiFi de alta velocidad (50 Mbps)\u2705Agua caliente 24h en ducha y lavamanos\u2705TV 32\"\u2705Espejo de cuerpo entero HOSTAL CARDAGI Confort, servicio de alta calidad y personal complacido en poder servirle atenci\u00f3n 24H\/7D","og_url":"https:\/\/cardagitech.com\/hotelcardagi\/habitacionestandar\/","og_site_name":"Hotel Cardagi","article_publisher":"https:\/\/www.facebook.com\/HostalCardagi","article_modified_time":"2025-08-13T05:03:03+00:00","og_image":[{"width":1280,"height":960,"url":"https:\/\/cardagitech.com\/hotelcardagi\/wp-content\/uploads\/2025\/08\/Sin-titulo-1.jpg","type":"image\/jpeg"}],"twitter_card":"summary_large_image","twitter_misc":{"Est. reading time":"2 minutos"},"schema":{"@context":"https:\/\/schema.org","@graph":[{"@type":"WebPage","@id":"https:\/\/cardagitech.com\/hotelcardagi\/habitacionestandar\/","url":"https:\/\/cardagitech.com\/hotelcardagi\/habitacionestandar\/","name":"habitacionestandar - Hotel Cardagi","isPartOf":{"@id":"https:\/\/cardagitech.com\/hotelcardagi\/#website"},"primaryImageOfPage":{"@id":"https:\/\/cardagitech.com\/hotelcardagi\/habitacionestandar\/#primaryimage"},"image":{"@id":"https:\/\/cardagitech.com\/hotelcardagi\/habitacionestandar\/#primaryimage"},"thumbnailUrl":"https:\/\/cardagitech.com\/hotelcardagi\/wp-content\/uploads\/2025\/08\/Sin-titulo-1.jpg","datePublished":"2025-01-24T21:06:07+00:00","dateModified":"2025-08-13T05:03:03+00:00","breadcrumb":{"@id":"https:\/\/cardagitech.com\/hotelcardagi\/habitacionestandar\/#breadcrumb"},"inLanguage":"es-PE","potentialAction":[{"@type":"ReadAction","target":["https:\/\/cardagitech.com\/hotelcardagi\/habitacionestandar\/"]}]},{"@type":"ImageObject","inLanguage":"es-PE","@id":"https:\/\/cardagitech.com\/hotelcardagi\/habitacionestandar\/#primaryimage","url":"https:\/\/cardagitech.com\/hotelcardagi\/wp-content\/uploads\/2025\/08\/Sin-titulo-1.jpg","contentUrl":"https:\/\/cardagitech.com\/hotelcardagi\/wp-content\/uploads\/2025\/08\/Sin-titulo-1.jpg","width":1280,"height":960},{"@type":"BreadcrumbList","@id":"https:\/\/cardagitech.com\/hotelcardagi\/habitacionestandar\/#breadcrumb","itemListElement":[{"@type":"ListItem","position":1,"name":"Portada","item":"https:\/\/cardagitech.com\/hotelcardagi\/"},{"@type":"ListItem","position":2,"name":"habitacionestandar"}]},{"@type":"WebSite","@id":"https:\/\/cardagitech.com\/hotelcardagi\/#website","url":"https:\/\/cardagitech.com\/hotelcardagi\/","name":"Hostal Cardagi","description":"","publisher":{"@id":"https:\/\/cardagitech.com\/hotelcardagi\/#organization"},"alternateName":"Hostal Cardagi","potentialAction":[{"@type":"SearchAction","target":{"@type":"EntryPoint","urlTemplate":"https:\/\/cardagitech.com\/hotelcardagi\/?s={search_term_string}"},"query-input":{"@type":"PropertyValueSpecification","valueRequired":true,"valueName":"search_term_string"}}],"inLanguage":"es-PE"},{"@type":"Organization","@id":"https:\/\/cardagitech.com\/hotelcardagi\/#organization","name":"HostalCardagi","url":"https:\/\/cardagitech.com\/hotelcardagi\/","logo":{"@type":"ImageObject","inLanguage":"es-PE","@id":"https:\/\/cardagitech.com\/hotelcardagi\/#\/schema\/logo\/image\/","url":"https:\/\/cardagitech.com\/hotelcardagi\/wp-content\/uploads\/2025\/08\/cropped-cropped-cropped-cropped-cropped-cropped-Sin-titulo-6.png","contentUrl":"https:\/\/cardagitech.com\/hotelcardagi\/wp-content\/uploads\/2025\/08\/cropped-cropped-cropped-cropped-cropped-cropped-Sin-titulo-6.png","width":951,"height":933,"caption":"HostalCardagi"},"image":{"@id":"https:\/\/cardagitech.com\/hotelcardagi\/#\/schema\/logo\/image\/"},"sameAs":["https:\/\/www.facebook.com\/HostalCardagi"]}]}},"_links":{"self":[{"href":"https:\/\/cardagitech.com\/hotelcardagi\/wp-json\/wp\/v2\/pages\/632","targetHints":{"allow":["GET"]}}],"collection":[{"href":"https:\/\/cardagitech.com\/hotelcardagi\/wp-json\/wp\/v2\/pages"}],"about":[{"href":"https:\/\/cardagitech.com\/hotelcardagi\/wp-json\/wp\/v2\/types\/page"}],"author":[{"embeddable":true,"href":"https:\/\/cardagitech.com\/hotelcardagi\/wp-json\/wp\/v2\/users\/1"}],"replies":[{"embeddable":true,"href":"https:\/\/cardagitech.com\/hotelcardagi\/wp-json\/wp\/v2\/comments?post=632"}],"version-history":[{"count":24,"href":"https:\/\/cardagitech.com\/hotelcardagi\/wp-json\/wp\/v2\/pages\/632\/revisions"}],"predecessor-version":[{"id":892,"href":"https:\/\/cardagitech.com\/hotelcardagi\/wp-json\/wp\/v2\/pages\/632\/revisions\/892"}],"wp:attachment":[{"href":"https:\/\/cardagitech.com\/hotelcardagi\/wp-json\/wp\/v2\/media?parent=632"}],"curies":[{"name":"wp","href":"https:\/\/api.w.org\/{rel}","templated":true}]}}